t is the units digit of p(h)?
4
Let d(i) = 5*i + 91. What is the hundreds digit of d(10)?
1
Let j be 10/(-25) + 2184/(-15). Let b = -13 - j. What is the hundreds digit of b?
1
Let h(b) = -8*b**3 - 12*b**2 - 14*b + 35. What is the units digit of h(-8)?
5
Let m(i) = i**3 + 5*i**2 + 7*i + 2. Let v be m(-2). Suppose v = -g + 19 + 71. What is the units digit of g?
0
Suppose 0*x - 3*s + 51 = 3*x, x + 5*s = 17. Suppose -x*v = -15*v - 486. What is the hundreds digit of v?
2
What is the tens digit of -193*((-5 - -5) + 1 - 2)?
9
Suppose -2*i = 4 - 8. Suppose -i*y + 6*z = z - 245, 0 = -z + 3. What is the hundreds digit of y?
1
Let q = -36 + 26. Let a = q + -5. What is the tens digit of 2 + -3 - (0 + a)?
1
Suppose 0*j - 32 = -4*j. Let y be (-264)/(-15) + j/20. Suppose 5*r = l + y, r + 5*l = 5*r - 27. What is the units digit of r?
3
What is the units digit of ((-34)/17)/((-4)/34)?
7
Suppose 9119 + 4543 = 18*r. What is the tens digit of r?
5
Suppose -6*o + 3*o - 4*x = -1254, -o = x - 418. What is the tens digit of o?
1
Suppose z = -4*z - 4*b + 4579, -2*z + 3*b = -1827. What is the units digit of z?
5
Suppose -5*i + 316 + 9 = 0. Let p = i - 31. What is the tens digit of p?
3
Let y = 46 + -120. What is the units digit of (4 - (-9)/(-2))*y?
7
Let o = 237 - 68. What is the tens digit of (-2)/(-13) - (-11635)/o?
6
Let w(j) = -99*j**2 - 3*j + 55*j**3 + 2*j + 1 + 100*j**2. Let x be w(1). Suppose -q = 17 - x. What is the tens digit of q?
3
Let p = -1571 - -1562. Let k(b) be the third derivative of b**6/120 + 11*b**5/60 + 5*b**4/12 + 2*b**3/3 + b**2. What is the units digit of k(p)?
6
Let z = 2714 + -1938. What is the units digit of z?
6
Suppose 2*w = 5*w - 15, -3*n + 2*w + 233 = 0. What is the units digit of 10440/n + (-1)/(-9)?
9
What is the units digit of ((-131)/(-4))/((11/(-1))/(-1012))?
3
Let g = 812 - -1143. What is the thousands digit of g?
1
Let t = -5 - -5. Suppose 33 = -t*v + 3*v. Suppose -v - 33 = -4*r. What is the units digit of r?
1
Let z(b) = -9*b + 25. Let m be z(12). Let t = m - -134. What is the tens digit of t?
5
Let j(m) be the third derivative of m**5/5 - m**4/24 + m**3/3 - 6*m**2. What is the tens digit of j(2)?
4
Suppose x - c = -6*c + 5852, -4*x = -5*c - 23333. What is the tens digit of x?
3
Suppose -4*r = 2*o - 3258, -4*o + 2354 - 710 = 2*r. What is the units digit of r?
2
Suppose 3*t = 14 + 46. Suppose 0 = -4*c + t + 40. Suppose -5*f - 24 - 11 = -2*p, p = 2*f + c. What is the units digit of p?
5
Let k(g) = 4*g. Let q be (-46)/(-7) - 6/(-14). Suppose -5*o - 1 = -s - 12, -3*o = -s - q. What is the units digit of k(o)?
8
Let l(i) = 36*i - 72. What is the hundreds digit of l(12)?
3
What is the tens digit of (-32 + 2)/3*204/(-17)?
2
Suppose -2363 = -5*n + 4*j - 525, 3*n - 2*j - 1104 = 0. Suppose 12*h - 10*h - n = 0. What is the units digit of h?
5
Suppose -4*u + 117 = -2*w - 11, -u + 32 = 4*w. Suppose 0*q - q + u = 3*n, 2*q = -4*n + 42. What is the tens digit of n?
1
Let i = -35 - -40. What is the units digit of 2/i + (-834)/(-15)?
6
Let w(f) = 73*f**2 + 2*f + 2. Let a(b) = 3*b - 22. Let g be a(7). What is the units digit of w(g)?
3
Let p(b) = -12*b + 11. Let i be p(-4). Suppose i = 2*a - 205. What is the hundreds digit of a?
1
Suppose 6*p - 2*p = 8. Let f(a) = a**2 - 3*a - 13. Let j(c) = 2*c**2 - 7*c - 27. Let l(w) = p*j(w) - 5*f(w). What is the tens digit of l(0)?
1
Suppose 5*t - t = 2*j + 294, 0 = 2*t + 2. Let d = -100 - j. What is the units digit of d?
9
Suppose 9 = -4*m - 3. Let o = m + 54. What is the tens digit of o?
5
Let w(h) = 12*h**2 - 12*h + 10. What is the tens digit of w(10)?
9
Suppose 0 = 2*b + 5*b - 2576. What is the hundreds digit of b?
3
Let s(u) = u**2 - 3*u + 6. Let q be s(3). Suppose -1 = -n + q. What is the units digit of n?
7
Suppose 0 = l - 8*l + 189. What is the tens digit of l?
2
Suppose -m = 3*p - 4, 0 = -4*m + 3*p + 43 - 12. Suppose 6*r - 271 + m = 0. What is the units digit of r?
4
Suppose 5*z + 16 = 2*o, -1 = -4*o - 5*z + 1. Suppose v + 1 = o. Let y(u) = 6*u - 2. What is the tens digit of y(v)?
1
Let p be 12/(-28) + 146/14. Suppose j = 3*f - 4*j - 40, 3*f = -j + p. Suppose -25 = -n - 0*n - 5*o, n - f*o = 25. What is the tens digit of n?
2
Let j = 2155 + -1758. What is the hundreds digit of j?
3
Suppose 0 = 4*q - 12 - 8. What is the units digit of q + 89*(2 - 1)?
4
What is the units digit of (12/(-81))/2 + 758/27?
8
What is the thousands digit of ((-2464)/49 - -16)/(4/(-126))?
1
What is the units digit of (-24 - -3)*(-10)/15?
4
Let s(y) = 2*y - 3. Let u be s(2). Let g = 5 - u. Suppose -5*p = t - 54, 3*p + g*t - 16 = 13. What is the units digit of p?
1
Suppose -2*f + 54 = -3*l - l, f + 3*l = 22. Suppose 10 = b + b. Suppose -2*w - b = u - 29, -u - 3*w = -f. What is the units digit of u?
2
Suppose 5*p - 2*v - 442 = 0, p = 6*p - 4*v - 444. Suppose -5*g + 152 = -p. What is the units digit of g?
8
What is the units digit of (-7)/(-7)*(3312/(-2))/(-2)?
8
Let b be -4 - ((-4)/10)/((-9)/(-180)). Suppose b*u + u = 230. What is the units digit of u?
6
Let c be (2720/(-15))/2*-27. What is the units digit of c/33 - (-1 - (-26)/22)?
4
Let j be (-11)/(-22) - 10/(-4). Let v(s) = s**2 - 4. Let m be v(j). Suppose o + 152 = m*o. What is the tens digit of o?
3
Let o = 44 + -12. What is the tens digit of o?
3
Let o = 36 + -47. Let d(x) = x**3 + 10*x**2 - 11*x + 5. Let r be d(o). Suppose -6*n + 2*v = -n - 338, -218 = -3*n + r*v. What is the units digit of n?
6
Let k(i) = -266*i - 21. Let z be k(-3). Suppose 0 = 5*d + 4*h - z, 2*h + 305 = 3*d - 148. What is the tens digit of d?
5
Let j(w) = 13*w + 84. Let y be j(-5). Let v(g) = -7*g**3 - 2*g**2 + 2. Let t be v(-2). Let n = t - y. What is the units digit of n?
1
Let i(l) = l**2 + 8*l - 27. Let j be i(-11). What is the units digit of ((-40)/j)/(3 - (-11)/(-3))?
0
Let k = -2125 + 3713. What is the thousands digit of k?
1
Suppose -5 = 5*p + 10. Let v be p/(12/(-112)) + -1. Suppose g - f - 9 + 0 = 0, 2*f - v = -3*g. What is the units digit of g?
9
Let o be (-2)/6 + (-1190)/(-15). Let d = 55 - o. What is the units digit of (1 - -1)*(-12)/d?
1
Let v(z) = -142*z - 71. What is the units digit of v(-4)?
7
Let o(i) = -2*i**3 - 50*i**2 - 54*i - 188. What is the tens digit of o(-27)?
8
Let m = 313 + 88. What is the hundreds digit of m?
4
Suppose 2*u = c - 869, 4*c - 5*u = 3*c + 854. What is the hundreds digit of c?
8
Let f = 1452 - 811. What is the units digit of f?
1
Suppose -2234 = -5*m + 3*b, 438 = m - 2*b - 3*b. What is the tens digit of m?
4
Suppose -5471 = -5*n - 1651. Let m be n/6 - (-2)/3. Suppose 4*d = -m + 316. What is the tens digit of d?
4
Suppose 9*x = -4*b + 12*x + 3148, 2*b = 3*x + 1574. What is the units digit of b?
7
Let o(a) = -a**3. Let y(h) = -h**3 - 6*h**2 - 5. Let n(q) = 2*o(q) - y(q). Let u be n(6). Suppose i = -u*i + 6. What is the units digit of i?
1
Let w(d) = 95*d + 3*d**2 - 2*d**3 - 92*d - 6 + d**3. What is the units digit of w(3)?
3
Let y = 11 + -1. Let j be ((-12)/y)/((-5)/100). Suppose a - j = -2*a. What is the units digit of a?
8
Suppose -644*q = -637*q - 13475. What is the thousands digit of q?
1
Let s = -19 + 19. Suppose 9*p - 6*p - 9 = s. What is the units digit of p?
3
Suppose 30*y + 5*s + 3695 = 32*y, -5*y + 3*s = -9266. What is the units digit of y?
5
Let d = -54 - -307. What is the hundreds digit of d?
2
Let a(l) = 5*l**2 - 2*l - 2. Let j be a(-1). Suppose -j*w = -740 - 5. What is the hundreds digit of w?
1
Suppose 0*d = 2*d - 254. Let x = d - 60. What is the units digit of x?
7
Let w(q) = -265*q - 26. What is the tens digit of w(-3)?
6
Suppose 3*p = 4*t + 16, -2*p + 20 = -0*t - 5*t. Let a be 8/(((-5)/3)/(15/(-18))). Suppose p*f = -a*f + 52. What is the tens digit of f?
1
Let g(c) = 2*c**2 + 2*c - 4. Let d be g(-3). Let t be d/(-3)*30/8. What is the units digit of t/25 - 264/(-10)?
6
Suppose -3*j = -5 - 4. Suppose 11 - j = 4*z. Suppose -24 - 2 = -z*n. What is the units digit of n?
3
Let c = -75 - -91. Suppose -90 = -c*d + 10*d. What is the units digit of d?
5
Let z = -374 + 664. What is the hundreds digit of z?
2
Let g be (301/9)/7 - 2/(-9). Suppose -3*j + 226 = 3*a - g*a, 0 = -4*a + 16. What is the units digit of j?
8
Suppose -123*n + 46*n = -393932. What is the hundreds digit of n?
1
Suppose -5 = 3*p - 4*p. Let n = 7 - p. Suppose 4 + n = 3*w. What is the uni